3*b + 2*b, -5*l - 3*b - 12 = 0. Suppose -2*y = a - 265, 4*a = -l*y - 4*y + 1044. Is a a composite number?
False
Suppose 4*h - 3*h + 8 = 0. Let y = 47 + h. Suppose 0 = w - 4*w + y. Is w a prime number?
True
Suppose 0 = -5*r - 4*x + 365, 2*x - 194 = -3*r + 27. Is r prime?
False
Is (33/(-2) - 2)*-2 prime?
True
Suppose 0 = 4*m + 2*l - 158 - 52, 4 = -4*l. Is m prime?
True
Let k = -9 - -3. Let n = k - -27. Is n composite?
True
Suppose -p + 7 = -0. Let x(t) be the second derivative of t**5/20 - t**4/4 - 3*t**3/2 - 3*t**2 + t. Is x(p) a prime number?
True
Let z be (-24)/9*3/(-2). Suppose z*f - 10 = -5*l, 3*l - 25 = 8*l - 3*f. Is (-2)/((-2)/l) - -57 a prime number?
False
Suppose 5*n = -h + 33, 5*h + 1 = n + 36. Let p(l) = 4*l - 7. Is p(h) a composite number?
True
Let s(w) = -2*w + 1415. Is s(0) a composite number?
True
Let n(a) = -366*a - 7. Is n(-5) a prime number?
True
Let c = 18 + -12. Suppose 4*n = 5*i + 1, 0 = 3*i + n - 7 - c. Suppose 3*q + i*l - 81 = 0, -65 = -5*q - l + 54. Is q composite?
False
Let m(s) = -s**3 - 2*s**2 + 3*s + 4. Let c be m(-3). Suppose 0 = -o - 14 + 11. Is -2 + 3*c - o a prime number?
True
Let q = 4 - 1. Let f be (14 + 3)/(-2 + q). Suppose -f - 2 = -t. Is t composite?
False
Suppose -u = -5*y + 1280, y - 4*y + 2*u + 761 = 0. Is y composite?
False
Suppose 3*u - 23721 = -2*x, u - 1149 - 6757 = -x. Is u a composite number?
True
Let h = -2079 - -3851. Suppose 5*m = m + h. Is m prime?
True
Let v = 0 - -4. Let t = v + 207. Is t a prime number?
True
Suppose 2*k - 2601 = -463. Is k prime?
True
Let b be (-6)/(-4)*(-16)/(-3). Let i = -2 + b. Suppose i = -2*m + 4, -4*p = -m - 269. Is p a composite number?
False
Suppose 3*w = 9, 3*w + 0*w = 4*m - 2219. Is m a composite number?
False
Let c(h) = h**3 - 7*h**2 + 8*h + 3. Is c(8) composite?
False
Suppose d + 5*q = 19 + 302, d - 322 = -4*q. Suppose c - 3*c + d = 0. Is c a composite number?
False
Let l(z) = -z**2 + 10*z - 8. Let p be l(9). Let y be (-5)/(-2) - p/(-2). Suppose 53 = 4*v - y*v. Is v composite?
False
Suppose 109 = -3*i + j, -2*i - 23 = -j + 49. Let k = 76 + i. Is k composite?
True
Suppose -j = -5*w + 2036, -3*w - 587 + 1804 = 4*j. Is w prime?
False
Let v(a) = -3*a**3 - a**2. Let z be v(-1). Is (-154)/(-8) - z/8 composite?
False
Suppose -d + 44 = d. Suppose 0 = -u + d + 15. Is u a composite number?
False
Let p = 5 - 7. Let a be p/(-8) - 177/(-12). Let j = 42 + a. Is j composite?
True
Suppose -7*q + 4037 - 936 = 0. Is q a prime number?
True
Let g(m) = -m**3 + 11*m**2 + 7*m - 2. Let j(r) = r**3 - r**2 - r. Let x(b) = -g(b) - 4*j(b). Is x(-5) composite?
True
Let m = -199 - -314. Is m composite?
True
Let q(o) = -3*o**3 - 3*o**2 + 7*o + 20. Is q(-7) a prime number?
True
Let q be (0 - -1) + -1 + 0. Suppose -2*s = -q*s - 10. Suppose 3*j = j + 10, 5*u + s*j = 155. Is u prime?
False
Let u = -1296 - -3475. Is u a prime number?
True
Suppose 0*r = r - 2*w, 4*r + 2*w = 20. Suppose 0*i - r*i = -76. Is i composite?
False
Is (10424/12)/((-6)/(-45)) composite?
True
Is (0 + 1/(-2))/((-9)/11538) a prime number?
True
Suppose -r - 50229 = -10*r. Is r a prime number?
True
Let b be 2*-28*-2 - -1. Suppose -2*w + 3*i = -248, w + 5*i - b = i. Is w a composite number?
True
Is 25 - (-9)/((-12)/4) composite?
True
Suppose 0*g = 3*g + 15. Is g - -7 - (-1 + -206) a composite number?
True
Let c(v) be the second derivative of 3*v**5/20 - v**4/3 + 2*v**3/3 + 4*v. Is c(3) prime?
False
Suppose 5*k + 0*k = -1850. Let s be 4735/(-20) + 3/(-12). Let f = s - k. Is f prime?
False
Is 152*2 + -2 - 1 a composite number?
True
Let b(p) = -p**3 - 3*p**2 - 2*p - 4. Suppose -2*o + 2*r - 14 = 4*r, -r - 4 = 0. Let g be b(o). Suppose g*f - 44 = c + 73, 273 = 5*f + 4*c. Is f composite?
True
Let j(l) = -18*l**3 - 2*l**2 - l + 2. Let x be j(-2). Let w = x - 81. Is w a composite number?
False
Let w be -1*((-2 - -1) + 2). Let p(y) = 141*y**3 + 4*y**2 + 9*y + 7. Let i(m) = 212*m**3 + 6*m**2 + 14*m + 11. Let j(o) = 5*i(o) - 8*p(o). Is j(w) prime?
True
Suppose 2*l + 4*u + 3 = -5, 3*l - 5*u - 32 = 0. Let i = 9 - l. Suppose -5*f + 255 = 5*s, -279 = -i*f - 0*s + s. Is f a prime number?
False
Let x(a) = -17*a**3 - 2*a**2 + 2*a + 3. Let h = 6 + -8. Is x(h) prime?
True
Is 8351/42 + 2/12 a prime number?
True
Let h(u) = -16*u - 2. Let j be h(-2). Suppose 0 = f + k - 51, -4*k + 82 + j = 2*f. Is f a prime number?
False
Is 6/12 - 458/(-4) prime?
False
Suppose -h = 4*y + 2*h + 12, -3*y - h - 4 = 0. Suppose 0 = -4*p + 20, 260 = 5*g + 3*p - y*p. Is g composite?
True
Let v = -7 + 13. Let n = v + -4. Suppose 307 = -k + 5*k - h, 3*k = n*h + 229. Is k prime?
False
Let m = -9 + 13. Suppose -6*n + 45 = -3*n. Let r = n + m. Is r a prime number?
True
Is (-3)/((-3)/410) + -1 a composite number?
False
Let l be -10*(-2)/16*8. Let z = l - 5. Suppose -3*k - 18 = a - 52, k + z*a - 30 = 0. Is k prime?
False
Let k(u) = -17*u - 6. Suppose 0 = -3*f - 2*f - 5*y - 40, 3*y = 4*f + 11. Is k(f) a prime number?
True
Suppose -2*s + 12 + 0 = -5*i, -4*i - 5*s - 36 = 0. Let a be 4/16 - (-1)/i. Is 149 - (-1)/(-2)*a prime?
True
Suppose -3*j = -1 - 11. Suppose -22 = -r + 6. Suppose p = -j*o + 285 + r, 2*o - 4*p = 170. Is o composite?
False
Let m(i) = -i**3 + 7*i**2 - 3*i + 7. Let c(n) = -2*n**3 - n. Let t be c(1). Let l = 9 + t. Is m(l) a prime number?
False
Suppose 0 = -5*w + 5*r + 145, 0*w + w - 31 = -r. Let g = w + -11. Is g composite?
False
Let a(x) = 5*x**3 + 1. Let o be a(-1). Let n be o/(2 + (-3 - 0)). Suppose -2*u - 62 = -n*k, -2*k - k = -3*u - 48. Is k prime?
False
Let w(y) = 22*y**2 + 2*y + 4. Let z be -2 + (0 - -2) - 3. Let m be w(z). Suppose 4*k = -0*k + m. Is k prime?
False
Let z(p) = -p**3 - 3*p**2 + p + 2. Let h be z(-3). Let n be (0 - h)*(-12 + 3). Let f = 10 - n. Is f a composite number?
False
Suppose 0 = 2*s - 127 - 271. Is s prime?
True
Suppose 0 = -3*t + 183 + 126. Is t prime?
True
Suppose -2*p + 3*c - 8 = 0, -3*p - c - 3*c = -22. Suppose -4*g - p = -5*g. Suppose -3*y + 275 = g*y. Is y a composite number?
True
Let h(m) = -m**2 - 4*m + 67. Is h(0) composite?
False
Suppose 5*u - 28 = -c, -5*c - 2*u = -u - 20. Suppose 2*z - 5*l + 18 = -c, -5*z - l = 12. Is ((-1)/2)/(z/150) a composite number?
True
Let b = 195 + -136. Is b a composite number?
False
Suppose 0 = -6*y - 6*y + 1068. Is y composite?
False
Is 4 + -5 + 101*4 a composite number?
True
Let n be 1 + -2 + -2 - -51. Let u = n - -101. Is u a composite number?
False
Is (-45)/(-2) + 6/(-12) prime?
False
Let v(h) = -h**2 + h + 37. Let r be (0/(-2))/((-2)/2). Is v(r) a composite number?
False
Suppose -m - 4*r = -23, -8 = -m - 2*r + r. Suppose 4*f + m*k = 2*k + 455, 4*k = 2*f - 250. Is f composite?
True
Let n(i) = -272*i - 4. Let v be n(-5). Suppose -2*d + v = 3*c + c, -3*c + 1031 = 5*d. Is c a composite number?
False
Suppose -88 = r + 5*y - 847, -3*y - 2205 = -3*r. Is r prime?
True
Let g = 804 + -91. Is g a composite number?
True
Let b = 199 + -122. Is b a composite number?
True
Suppose -291 + 6 = -5*z. Is z composite?
True
Let v(o) = 3*o + 1. Let s be v(5). Suppose 0 = 2*z + f - 7, 4*z - 3*z = 2*f + s. Is 221/z - 2/(-12) composite?
False
Let i(x) = 9*x**2 + 7*x**2 + 1 - x + 3*x - 8*x. Is i(4) a prime number?
True
Let t(l) = l**3 - 4*l**2 + 2*l - 4. Let a be t(5). Suppose -39 = -5*v + a. Is v composite?
True
Suppose 4 = 4*l - 0. Let v = 38 + l. Is v prime?
False
Let x(y) be the second derivative of -3*y**3 + y**2/2 - y. Is x(-1) composite?
False
Let p = -521 + 837. Suppose 0 = 3*j - p + 7. Is j prime?
True
Let t = -6 + 10. Let k be (-1)/t - (-13)/4. Suppose -3*x = -2*n - 163, k*x - 3*n = 41 + 121. Is x composite?
True
Let b(d) = -10*d**3 + 3*d**2 + 9*d - 3. Is b(-7) composite?
False
Let c(a) = a - 9. Let v be c(11). Is (16 - 129)/((-1)/v) composite?
True
Let c(q) = -1. Let r(h) = -12*h - 2. Let j(o) = -3*c(o) - r(o). Suppose 0 = 3*z - z - 12. Is j(z) a prime number?
False
Let s(m) = 447*m - 1. Is s(1) composite?
True
Let f = 14 - 4. Suppose -5*x + 9 = -6. Suppose x*l + l + 5*s = 35, -f = 2*s. Is l composite?
True
Let q(g) = -2*g + 6. Let d be q(4). Is (-6)/d + 1048/4 a composite number?
True
Suppose 0 = 6*c - 1681 - 269. Let y = -32 + c. Is y a composite number?
False
Suppose -5*y + 7 = 2*k, 2*k - y = 4*y - 3. Let a(j) = 2*j**3. Let m be a(k). Is (-334)/(-3) + m/(-6) prime?
False
Let u(n) = -n**2 + 7*n + 1. Suppose 4*